29 + 16786 = -142629. List the prime factors of g.
2, 7127
Suppose 8*q = 4*u + 3*q - 24182, 3*u - 5*q = 18134. Suppose 0 = -0*s + 4*s - u. Suppose s = 4*t + 3*t. List the prime factors of t.
2, 3
Let q = -4288 - -19001. List the prime factors of q.
14713
Let p(k) = -3*k + 35. Let v be p(10). Suppose 0*d - v*q = 4*d - 445, -4*q = -4*d + 436. Let y = 146 - d. What are the prime factors of y?
2, 3
Suppose o - 2 = 4*l, -o + 4*l = -6*o + 34. Let m(f) = 286*f - 339. List the prime factors of m(o).
3, 17
Let j be -18*(50/(-15) - -4). Let d be 20816/j*((-15)/(-10) + -3). Suppose -16*y + 6666 = d. What are the prime factors of y?
2, 127
Suppose 0 = -3*j + 54 - 9. Let d be 2/(3 - j/6). Suppose -d*q + 28 = -4*n, -3*n - 4 = -q - 1. What are the prime factors of q?
3
Let f(q) = 3*q**3 - 13*q**2 - 13*q - 9. Let p be f(11). Suppose p + 1122 = 5*u + 5*j, -u + j = -688. What are the prime factors of u?
683
Let v be 1 - (-3 + -2 - 249). Let c = -10 - -18. Suppose c*q = 3*q + v. List the prime factors of q.
3, 17
Suppose 4*c - 4 - 4 = 0. Suppose 0 = -m + c - 0. Suppose m*s - 3*s = -28. List the prime factors of s.
2, 7
Suppose 85*c - 16629216 = -247*c. List the prime factors of c.
2, 3, 2087
Suppose 0 = 6*a - 167 - 301. Let r be a/8 + 40/32. Suppose -r*d = -10*d - 2. What are the prime factors of d?
2
Let p = -537 + 1374. Suppose -802 = -11*f + p. List the prime factors of f.
149
Let d(g) = 7*g + 8. Let c be d(2). Let k = c + -18. Suppose k*t = 504 + 160. List the prime factors of t.
2, 83
Let g = 6 + 7. Suppose 0 = -4*m - g + 33. Suppose 2*u + 5*o = 3*u - 4, -4*u + 16 = m*o. What are the prime factors of u?
2
Let w be (-3)/5 + (-220)/50. Let r(s) = -9*s + 117. What are the prime factors of r(w)?
2, 3
Let o be 13/5 - (-22)/55. Suppose -5*l = -4*w - 3623, l = -o*w - 0*w + 717. What are the prime factors of l?
3, 241
Let c be (9 - 1)*8/16. Suppose -c*j + 2*j = 0. Suppose j = 22*a - 18*a - 232. What are the prime factors of a?
2, 29
Suppose -4*s = -i - 5136, -3*s - i + 3867 = 2*i. Let a = -534 + s. What are the prime factors of a?
751
Suppose -3*c - 2049 = -6*c. Let f = 1504 - c. Suppose -5*s - 2*m + f = 0, s = -m + 180 - 17. What are the prime factors of s?
3, 5, 11
Let r = 60 - 74. List the prime factors of 2*(4/r - (-13775)/266).
103
Let o(i) = 0 - 8*i - 3*i**2 - 6*i + 3 + 3*i. Let g be o(5). Let b = g + 220. What are the prime factors of b?
3, 31
Suppose 484 + 1148 = 2*b. Let j(z) = 10*z + 155. Let g be j(-15). Suppose -g*x + b = -4*s, 2*x = -2*s - s + 308. List the prime factors of x.
2, 5
Suppose -k = 1017 + 413. Let m be k/30 - 2/6. Let b = m + 133. List the prime factors of b.
5, 17
Suppose 3*h + 2*h + 430 = 0. Let c = h + 51. Let u = c + 65. What are the prime factors of u?
2, 3, 5
Let x = 69 - -163. Suppose 132*c - 65*c - 134 = 0. Suppose 0 = -2*p - c*y + x, -50 = -p - 4*y + 72. List the prime factors of p.
2, 3, 19
Let z(n) = -1. Let v(g) = 4*g - 5 - 7 + 11. Let l(h) = v(h) - 4*z(h). What are the prime factors of l(11)?
47
Let x = 38128 + -7877. List the prime factors of x.
13, 179
Suppose -4*o + 1 = 4*y - 11, -4*y - o = -18. Suppose -l + 3*a = 2*l - 57, -y*l + 92 = -4*a. List the prime factors of (-170)/(-4) - (-24)/l.
2, 11
Let i(a) = 61*a + 67. Let r be i(1). Suppose -3*u = -2*b - 1036, -2*u + 566 + r = -2*b. What are the prime factors of u?
2, 3, 19
Let x = 48440 + -30645. What are the prime factors of x?
5, 3559
Let w(f) = -f**3 - 5*f**2 - 6*f + 20. Let j be w(-10). Suppose 6*z - 4*z = j. Suppose 0*t = -2*t + z. List the prime factors of t.
5, 29
Let u(l) = -l + 67 + 92*l - 18*l - 37*l. List the prime factors of u(8).
5, 71
Let y be ((-2)/(-4))/(-1 - 10/(-8)). Let d be 1 - (-1 - 0)*(-2)/y. Suppose d = -5*u + 325 + 65. What are the prime factors of u?
2, 3, 13
Suppose -185*u - 863436 = -204*u. List the prime factors of u.
2, 3, 7, 541
Suppose -23*q + 20*q - 42543 = -2*w, 2*w - 5*q - 42529 = 0. What are the prime factors of w?
2, 3, 3547
Let t be (-16)/2 + 5 + 4. List the prime factors of t/((-8)/(-12072)*3).
503
Suppose -45910 = -4*v - 5*y, 8*y - 57384 = v - 6*v. List the prime factors of v.
2, 5, 7, 41
Suppose -8*t - 599 = 2481. Let k = 1170 + t. List the prime factors of k.
5, 157
Suppose -60 - 35 = -5*g. Let t(y) = -10 - g*y + 3*y**2 + 2*y**2 - 4*y**2. List the prime factors of t(22).
2, 7
Suppose 2*l = -l + 6, -5*q = l - 1077. Suppose 13*d + q = 18*d. Suppose -3*s - 4*m = -467 - d, 0 = -5*s - 4*m + 850. What are the prime factors of s?
2, 5, 17
Suppose 5*n - 5*o = -0*o + 30, -n + 4*o + 15 = 0. Suppose -n*a - q + 3769 = 0, -3*a - 4*q + q + 3759 = 0. List the prime factors of a.
2, 17, 37
Let u(z) = -151*z**2 - 2*z - 1. Let k be u(-1). Let j be 1 + (-18)/81 + (-16)/9 - -60. Let h = j - k. List the prime factors of h.
11, 19
Let i = -1995 + 1146. Let d = i - -2312. List the prime factors of d.
7, 11, 19
Suppose 8*a - 136 = -0*a. Suppose 16*s - 2*v + 500 = a*s, 1988 = 4*s - 4*v. What are the prime factors of s?
2, 3, 83
Let c(q) = -5*q + 0*q + 369 + 2*q - 5*q. List the prime factors of c(0).
3, 41
Let h = 8 - 6. Let g be 738/1353 - 39/11 - -14. Suppose p - h*d - g = 0, d = 5*d. What are the prime factors of p?
11
Suppose 992 = 5*y + 2. Suppose -y = -3*x - 9. What are the prime factors of x?
3, 7
Let m be 3/(-2 - 25/(-20)). Let i(c) = 2*c**2 + 5*c + 8. Let b be i(m). What are the prime factors of ((-85)/b)/(4/(-16))?
17
Suppose 30 = -10*g + 15*g, -n = -4*g - 13675. What are the prime factors of n?
7, 19, 103
Suppose -26*z + 86271 = -6*z - 31209. List the prime factors of z.
2, 3, 11, 89
List the prime factors of 3/(-7) - (-30132510)/4382.
2, 3, 191
Suppose -g + 30585 = 3*t, 24*g + 4*t = 27*g - 91768. What are the prime factors of g?
2, 3, 2549
Suppose -2*w + 5*v = -31375, -51*w = -50*w + 4*v - 15681. What are the prime factors of w?
5, 3137
Suppose 4*h = 2*j - 22, -3*h + 4*h = -j - 1. Suppose o = -1 - j. Let t = 14 - o. List the prime factors of t.
2, 3
Suppose -5*i - 3*o = -70328, -4*i + 56260 = 113*o - 111*o. What are the prime factors of i?
2, 79, 89
Let i = -178 - -182. List the prime factors of ((-35)/10 + -3)*-32 - i.
2, 3, 17
Let p be -21 - -11 - (-1 - 124). Let c be (-134)/(-4)*4/(-2). Let i = c + p. What are the prime factors of i?
2, 3
Suppose -4*j = -11*n + 10*n - 24812, -6203 = -j + 3*n. What are the prime factors of j?
6203
Suppose 64752 = 50*h + 92*h. What are the prime factors of h?
2, 3, 19
Let x be -2 - 978 - (0 + -8). Let s = x - -1661. What are the prime factors of s?
13, 53
Suppose -6*d - 13*d + 3268 = 0. Let p = 324 - d. List the prime factors of p.
2, 19
Let v be 7 + -2 - (-183 + 2). Suppose 5*t + 165 + 15 = s, -s - t = -v. List the prime factors of s.
5, 37
Suppose -5*q + y = 423, -2*q - 160 - 14 = -2*y. Let g = q + 87. List the prime factors of ((-20)/(1 - g))/((-6)/(-42)).
2, 5, 7
Let n(i) = -i + 6. Let j be n(-21). Suppose -g + 233 = 2*s + 3*s, 4*s - 196 = -4*g. Let w = j + s. What are the prime factors of w?
73
Suppose -k + 1294 = -4*f, -4*f + 0*k + 5*k = 1286. Let x = -129 - f. What are the prime factors of x?
3, 5, 13
Let d = -648 - -1438. Let l = d - 681. List the prime factors of l.
109
Suppose -m + 16 = 3*m. Let d be (37 - 33)/(2/m + 0). Suppose d*i - 1808 = -296. List the prime factors of i.
3, 7
Let q(m) = -m**3 - 9*m**2 + 7*m + 4. Let s = -20 + 23. Let k be 1*(4 - s)*-10*1. List the prime factors of q(k).
2, 17
Suppose -565*c + 17292548 = -201*c. List the prime factors of c.
47507
Suppose h = -17*h - 198202 + 552568. List the prime factors of h.
19687
Let k = 6441 + -4152. Let m = k + -471. What are the prime factors of m?
2, 3, 101
Suppose -3*q - 4 = -2*y - 99, 5*q = 25. Let a(o) = -2*o**2 - 101*o + 9. What are the prime factors of a(y)?
3, 283
Let l(v) = 164 - 38773*v + 38804*v + 4*v**2 - 15. What are the prime factors of l(-20)?
1129
List the prime factors of (180/336)/((-3)/(-46528)) + 16/(-28).
2, 31, 67
Suppose -2*f = 5*x + 751, 0 = 9*f - 10*f - 5*x - 378. Let k = f + 404. What are the prime factors of k?
31
List the prime factors of (-3)/(-39) + 1282080/416.
2, 23, 67
What are the prime factors of (21188 - 15)*((15 - 16) + 2/1)?
31, 683
Suppose -4 = -2*n, 2*n + 2*n = -3*u + 1040. Suppose 292 = 4*c + 4*v + v, u = 5*c + v. List the prime factors of c.
2, 17
Let y = 1413 + -1337. Let x be (-22)/(-4) - (-2)/(